e remainder when 6147 is divided by 41.
38
Calculate the remainder when 82747 is divided by 108.
19
What is the remainder when 73798 is divided by 8?
6
Calculate the remainder when 172870 is divided by 527.
14
Calculate the remainder when 166007 is divided by 99.
83
Calculate the remainder when 532112 is divided by 59.
50
Calculate the remainder when 26903 is divided by 507.
32
What is the remainder when 1441 is divided by 156?
37
Calculate the remainder when 6449 is divided by 139.
55
What is the remainder when 186947 is divided by 577?
576
What is the remainder when 1409 is divided by 1372?
37
Calculate the remainder when 2037891 is divided by 68.
67
What is the remainder when 1994 is divided by 655?
29
Calculate the remainder when 5961 is divided by 191.
40
Calculate the remainder when 385158 is divided by 20.
18
Calculate the remainder when 6067 is divided by 11.
6
What is the remainder when 6141 is divided by 54?
39
What is the remainder when 88337 is divided by 22075?
37
Calculate the remainder when 10677 is divided by 10609.
68
Calculate the remainder when 26911 is divided by 1344.
31
Calculate the remainder when 148483 is divided by 285.
283
What is the remainder when 4134 is divided by 243?
3
Calculate the remainder when 173141 is divided by 962.
943
What is the remainder when 93695 is divided by 7207?
4
What is the remainder when 85566 is divided by 55?
41
What is the remainder when 5354 is divided by 1334?
18
Calculate the remainder when 170002 is divided by 163.
156
What is the remainder when 362897 is divided by 191?
188
What is the remainder when 950 is divided by 81?
59
Calculate the remainder when 51581 is divided by 208.
205
Calculate the remainder when 4847 is divided by 968.
7
Calculate the remainder when 4855109 is divided by 177.
176
What is the remainder when 12247 is divided by 278?
15
Calculate the remainder when 26674 is divided by 19.
17
Calculate the remainder when 9114 is divided by 163.
149
Calculate the remainder when 1673 is divided by 1588.
85
Calculate the remainder when 6260 is divided by 232.
228
What is the remainder when 131516 is divided by 411?
407
Calculate the remainder when 138542 is divided by 34634.
6
Calculate the remainder when 791423 is divided by 507.
503
What is the remainder when 1951583 is divided by 95?
93
What is the remainder when 5075 is divided by 12?
11
Calculate the remainder when 2646 is divided by 11.
6
Calculate the remainder when 100716 is divided by 23.
22
Calculate the remainder when 7757 is divided by 121.
13
What is the remainder when 164584 is divided by 97?
72
What is the remainder when 9261 is divided by 13?
5
What is the remainder when 340535 is divided by 30956?
19
Calculate the remainder when 4358 is divided by 314.
276
What is the remainder when 98090 is divided by 16?
10
What is the remainder when 158113 is divided by 15811?
3
What is the remainder when 44160 is divided by 70?
60
Calculate the remainder when 11688 is divided by 74.
70
Calculate the remainder when 13736 is divided by 761.
38
Calculate the remainder when 212205 is divided by 19291.
4
What is the remainder when 38857 is divided by 17?
12
What is the remainder when 35975 is divided by 251?
82
Calculate the remainder when 74319 is divided by 144.
15
What is the remainder when 1727101 is divided by 217?
215
What is the remainder when 58159 is divided by 9666?
163
What is the remainder when 1296 is divided by 121?
86
What is the remainder when 149 is divided by 78?
71
What is the remainder when 1622 is divided by 65?
62
What is the remainder when 7363 is divided by 33?
4
What is the remainder when 19305 is divided by 1012?
77
Calculate the remainder when 2597 is divided by 217.
210
Calculate the remainder when 17126 is divided by 28.
18
Calculate the remainder when 28060 is divided by 52.
32
Calculate the remainder when 251836 is divided by 31.
23
Calculate the remainder when 4382 is divided by 257.
13
What is the remainder when 416320 is divided by 23?
20
What is the remainder when 5121 is divided by 1681?
78
What is the remainder when 2341 is divided by 205?
86
Calculate the remainder when 44407 is divided by 106.
99
What is the remainder when 5349 is divided by 114?
105
Calculate the remainder when 5774 is divided by 5050.
724
Calculate the remainder when 1190 is divided by 1026.
164
Calculate the remainder when 3171 is divided by 527.
9
What is the remainder when 2105 is divided by 1049?
7
What is the remainder when 478890 is divided by 4?
2
What is the remainder when 4325 is divided by 125?
75
What is the remainder when 75831 is divided by 161?
0
Calculate the remainder when 9310 is divided by 4648.
14
What is the remainder when 4953 is divided by 2456?
41
What is the remainder when 26701 is divided by 13197?
307
Calculate the remainder when 120851 is divided by 88.
27
Calculate the remainder when 25708 is divided by 6426.
4
Calculate the remainder when 19079 is divided by 251.
3
What is the remainder when 69698 is divided by 35?
13
What is the remainder when 29141 is divided by 53?
44
What is the remainder when 1060 is divided by 36?
16
Calculate the remainder when 23516 is divided by 250.
16
Calculate the remainder when 12012 is divided by 2002.
0
What is the remainder when 431799 is divided by 32?
23
Calculate the remainder when 200483 is divided by 6912.
35
Calculate the remainder when 19067 is divided by 39.
35
What is the remainder when 1442267 is divided by 57?
53
Calculate the remainder when 168798 is divided by 30.
18
What is the remainder when 65626 is divided by 566?
536
Calculate the remainder when 1413501 is divided by 1113.
1104
Calculate the remainder when 176524 is divided by 1801.
26
What is the remainder when 3485 is divided by 1032?
389
Calculate the remainder when 766 is divided by 59.
58
What is the remainder when 16164 is divided by 207?
18
What is the remainder when 750 is divided by 39?
9
What is the remainder when 30943 is divided by 31?
5
What is the remainder when 16161 is divided by 145?
66
What is the remainder when 15064 is divided by 3440?
1304
What is the remainder when 7616 is divided by 488?
296
What is the remainder when 17322 is divided by 165?
162
What is the remainder when 823184 is divided by 44?
32
Calculate the remainder when 909 is divided by 61.
55
What is the remainder when 1442 is divided by 275?
67
Calculate the remainder when 20200 is divided by 37.
35
Calculate the remainder when 177803 is divided by 898.
897
What is the remainder when 6151 is divided by 20?
11
What is the remainder when 1652 is divided by 684?
284
What is the remainder when 46460 is divided by 96?
92
Calculate the remainder when 4295145 is divided by 858.
855
Calculate the remainder when 5178 is divided by 424.
90
Calculate the remainder when 96734 is divided by 78.
14
Calculate the remainder when 2486 is divided by 13.
3
What is the remainder when 2323 is divided by 132?
79
Calculate the remainder when 46334 is divided by 9240.
134
What is the remainder when 352 is divided by 192?
160
What is the remainder when 4218 is divided by 178?
124
What is the remainder when 8150 is divided by 1367?
1315
What is the remainder when 1733 is divided by 74?
31
What is the remainder when 347713 is divided by 46?
45
Calculate the remainder when 4070 is divided by 1791.
488
Calculate the remainder when 354 is divided by 196.
158
What is the remainder when 52190 is divided by 381?
374
What is the remainder when 742683 is divided by 6?
3
Calculate the remainder when 832415 is divided by 24.
23
Calculate the remainder when 26211 is divided by 6550.
11
What is the remainder when 9435 is divided by 429?
426
Calculate the remainder when 9849 is divided by 4793.
263
Calculate the remainder when 6469 is divided by 125.
94
Calculate the remainder when 3824 is divided by 774.
728
Calculate the remainder when 8341 is divided by 53.
20
What is the remainder when 183640 is divided by 227?
224
Calculate the remainder when 9013 is divided by 32.
21
Calculate the remainder when 296446 is divided by 569.
566
What is the remainder when 386162 is divided by 128719?
5
What is the remainder when 6215 is divided by 21?
20
Calculate the remainder when 24070 is divided by 8021.
7
What is the remainder when 1573917 is divided 